*o**3 + 0*o + 0. Calculate p(-5).
-5
Let b(a) = a + 5. Let x(q) = q + 5. Let t(o) = 3*b(o) - 4*x(o). Suppose 0 = -4*p + 3*p - 2*c + 4, -4*c = 4. Determine t(p).
-11
Let p(r) = -r**2 + 2*r. Let v(z) = -z**2 + 16*z + 10. Let x(b) = 2*p(b) - v(b). Let d be x(-11). Let g(t) = -14*t. Determine g(d).
-14
Let m(f) = 20*f - 37. Let i(u) = -6*u + 12. Let a(y) = 7*i(y) + 2*m(y). Suppose 2*c - 12 - 2 = 0. Determine a(c).
-4
Let k(f) = 7*f**2 - 6*f - 3. Let r(v) = 12*v**2 - 11*v - 5. Let x(q) = 7*k(q) - 4*r(q). What is x(-4)?
7
Let p = -51 - -82. Let b = 27 - p. Let d(s) = -6 - 2*s**2 - 3*s**2 - 4*s - s**3 + 0*s**2. What is d(b)?
-6
Let j(x) = x - 4. Suppose -3*t + 4*t = 15. Let k = 26 - t. Let m(f) = -1. Let p(s) = k*m(s) - 2*j(s). Determine p(-4).
5
Let w(s) = 2*s**3. Let f(a) = -6 + 8*a**2 + a**3 - 38*a + 30*a + 14. Let m be f(-9). Determine w(m).
-2
Let y(s) = -s**2 + 11*s + 1. Let r(x) = 3*x**2 - 21*x - 2. Let v(z) = -2*r(z) - 5*y(z). What is v(-12)?
11
Let x(f) = 5*f - 117. Let z be x(25). Let s(n) = 6*n - 9. Calculate s(z).
39
Let d be (-1 + 0)*-2 - 20. Let o = -14 - d. Let r(h) = h**3 - 3*h**2 - 5*h - 2. Give r(o).
-6
Let h(u) = 5*u + 83. Let r be h(-16). Let t(n) be the first derivative of -2*n + 1 - 1/2*n**2. Calculate t(r).
-5
Let d(y) = -y**3 - 5*y**2 - 3*y - 10. Let c = -264 - -259. Give d(c).
5
Let o(k) = -3*k - 2. Let j = -89 + 19. Let u be (-40)/j*(-14)/4. Determine o(u).
4
Let k(t) = -t**3 + t**2 - 2*t. Let l(f) = 5*f**3 - 11*f**2 + 12*f + 1. Let o(m) = 6*k(m) + l(m). Let v be 1/((-5)/(-3) + -2). Give o(v).
-17
Let l(v) = v**3 - 10*v**2 - 7*v - 46. Let x be l(11). Let i(a) = -5*a**2 + 1. Give i(x).
-19
Let s(w) be the first derivative of 11 + 3*w + 1/2*w**2. Give s(-6).
-3
Let n = 82 - 55. Let j(w) = n - 4*w + w - 31. What is j(-3)?
5
Let w(p) be the second derivative of 2*p**3/3 + 102*p. Determine w(-1).
-4
Let d(w) = 5*w + 3. Suppose -23 - 17 = 2*l. Let v be (8/(-6))/(l/(-30)). Calculate d(v).
-7
Let c(m) = m**2 - 6*m + 1. Let q be (12 + -18)*1/2*2. Let i be (-1)/((30/35)/q). Calculate c(i).
8
Let t(r) = -r + 0 + 1 - 12*r - 4*r. Suppose -j + 21 + 11 = -3*z, 3*j = -3*z + 48. Let s = 21 - j. Calculate t(s).
-16
Let j(m) = m + 3. Let z be (-5)/(-40)*58*4. Suppose 3*v - 14 = -z. What is j(v)?
-2
Let g(j) = -j**3 + 5 - 5*j**2 + 0*j**2 + 6*j**2. Let s(a) be the first derivative of -a**2/2 + 6*a + 3. Let r be s(6). What is g(r)?
5
Suppose 4*w - 32 = -2*i, 3*w = 3*i + w - 16. Let l(q) = -3 + q**2 + i*q - 10*q + 7*q. Suppose g - 3*r + 14 = 0, 3 = -5*g - 2*r - 16. Determine l(g).
-3
Let h be ((-3)/(-2))/((-12)/(-16)). Let g(j) = -12*j**2 + 3*j**h - 7*j + 8*j**2. What is g(-6)?
6
Let r(i) = i**3 - i**2 + 1. Let c(j) = 5*j**3 + j**2 + 4*j + 1. Let o(k) = -c(k) + 4*r(k). Determine o(-4).
3
Let i(d) = -d**3 - 20*d**2 + 21*d - 3. Suppose -32*v + 30*v = 2*r + 42, -3*r - 63 = -v. Calculate i(r).
-3
Let t(p) = -9 + 0*p - 3*p + 6. Determine t(6).
-21
Suppose -b = -2*b + 4, 3*o - 3*b = -6. Let s(v) be the second derivative of -v**3/3 + v**2/2 + v. Calculate s(o).
-3
Let z be 912/(-95) + (-16)/(-10). Let p(i) = -i**2 - 2*i + 5. What is p(z)?
-43
Let h(w) be the third derivative of -w**6/15 - w**5/30 - w**4/24 + 3*w**2 + 4*w. Calculate h(-1).
7
Let o be -4 - (-5 + 4 - 3). Suppose 3*i = -o*i. Let b(j) = 2*j**2 + 8 - 15 - j**2. Calculate b(i).
-7
Let i(o) = -o**2 - 2*o + 19. Let t be i(-5). Suppose -4*g - 20 = -4*l, -5*g - 36 = t*l - 2. Let f(q) = -q**2 - 6*q + 6. What is f(g)?
6
Let s(c) = 6*c**2 + 2*c + 1. Suppose -i + 2*r + 2 = 4*i, -2*i + 5*r = -5. Suppose 2*p - 4 + 6 = i. Determine s(p).
5
Let q(f) = f**2 - 8*f - 10. Suppose -5*s + 44 = c, 2*s + 2*c + 2*c - 14 = 0. Give q(s).
-1
Suppose 0*a = 18*a - 90. Suppose -a*t = 2*d - 0 + 3, -15 = -2*d + t. Let r(q) = q**2 - 2*q - 7. Calculate r(d).
17
Let l(p) = -14 + 6*p - 6*p**2 + 15 - 3*p + 3*p**2 + 6*p. Give l(3).
1
Let q(p) = p + 6. Let i be q(-6). Suppose -2*b + 4*b - 8 = 0. Suppose b*y - 4 = -i*y. Let a(u) = 2*u**3 + u**2 - u. Give a(y).
2
Let l(q) = -5*q**2 - 12*q**3 - q**2 + 11*q**3 + 3*q - 1 + 3*q**2. What is l(2)?
-15
Let k(v) = 0*v - 2*v + v - 1. Let y be (2 - (-56)/(-7))*4/(-6). Give k(y).
-5
Let l(i) = -31*i**3 + 36*i**2 - 3*i + 34. Let z(m) = -11*m**3 + 12*m**2 - m + 12. Let b(d) = 6*l(d) - 17*z(d). What is b(-12)?
12
Let k(n) = -8*n + 66. Suppose -3*w + 7 = 5*h, -3*w + 6*h + 47 = h. What is k(w)?
-6
Let w(v) = -7*v - 8 + 3 + 0 + 1 + 1. Calculate w(-6).
39
Let i(t) = -t - 5. Let l = 12 + -45. Let h = l - -30. Calculate i(h).
-2
Let p(n) = -2*n**2 - 2*n + 2. Let b = -14 + -12. Let a be (-2 - -6) + -4 + b. Let q = a - -23. What is p(q)?
-10
Let j(z) be the second derivative of z**3/6 + 14*z**2 + 56*z. Determine j(-18).
10
Let g(r) = 1 - 6 - 3*r - 8*r + 0. Let h be g(-1). Let d(i) = -i**2 + 4*i + 8. Give d(h).
-4
Let w(c) = c**3 + 7*c**2 + 5*c + 1. Let o(t) = t - 1. Let p be o(1). Suppose -5*g + x - 26 = p, 0 = -2*g - x - 0*x - 16. What is w(g)?
7
Let w(j) be the first derivative of j**2 + 2*j + 47. What is w(7)?
16
Let u be 0/(3/3*2). Let r(x) = 0 - 4 - 1 + x. What is r(u)?
-5
Let x(k) = -k**2 - 10*k - 26. Let g(m) = -7*m**2 - 2*m - 2. Let v be g(-1). What is x(v)?
-5
Suppose 5*d - 27 = 13. Let w(z) = 10*z + z**3 - 2*z**3 - z**2 - d*z. Let r(v) = v**3 - 6*v**2 - 8*v + 5. Let i be r(7). Calculate w(i).
0
Suppose -11*u = 24*u + 315. Let x(w) = w**3 + 10*w**2 + 8*w - 10. Calculate x(u).
-1
Let d(r) be the first derivative of -r**4/2 - 4*r**3/3 + r**2 + 2*r - 5. Let t(k) = -k**3 + 5*k**2 - k - 5. Let v be t(5). Let b = v - -7. Give d(b).
14
Let p(x) = -3*x + 2 + 0*x**2 - 6*x + 2*x**2 - x**2. Let c be 10 + (0 + -1)/((-3)/(-9)). What is p(c)?
-12
Let f(t) = -3*t**2 + 9*t - 12. Let q(a) = -2*a**2 + 9*a - 11. Let b(c) = 3*f(c) - 4*q(c). Give b(-10).
-2
Let b = -426 - -422. Let z(n) = 9*n - 5. What is z(b)?
-41
Let n = -10 - -6. Let b be -3 - (n - -24)/4. Let t(f) = -f**3 - 8*f**2 - 2*f - 10. Determine t(b).
6
Let t = -317 + 322. Let g(i) = i**2 - 9*i - 7. Determine g(t).
-27
Let y(c) be the third derivative of -c**4/6 - c**3/2 + 6*c**2 + 6. Calculate y(4).
-19
Let c(u) be the second derivative of -7*u**4/12 - 5*u. Let k be c(2). Let i be (k/(-21))/((-1)/3). Let t(a) = a + 7. What is t(i)?
3
Suppose -i + 3*d - 5*d - 4 = 0, 0 = -i - 3*d - 8. Let x(f) = -f - 7*f**2 - i + f**3 + 5*f**2 - 8 + f**2. Calculate x(0).
-12
Let v(m) = 108*m**2 + 6*m - 96*m**2 - 14 - m**3 + 9*m. Calculate v(13).
12
Let m(c) = -c**2 - 43*c + 38. Let t be m(-44). Let n(q) = 2*q**2 + 10*q + 13. What is n(t)?
25
Let l(i) = 3*i + 8. Let o = -7 - -12. Suppose 0 = 2*p + o*t + 32, 5*p - t + 3*t + 38 = 0. Determine l(p).
-10
Let f(q) = q. Let c be (-70)/7*1*3/(-6). Suppose 3*g = -2*g + c. Determine f(g).
1
Let n(o) = -o - 1. Let x(v) = -16. Let c(u) = -7. Let d(s) = 7*c(s) - 3*x(s). Let k(z) = 6*d(z) + n(z). Calculate k(6).
-13
Suppose 23*f - 20*f = -12. Let c(k) = k**2 - k - 1. Calculate c(f).
19
Let s(r) = -696 + r + 233 + 239 + 251 + r. Calculate s(0).
27
Suppose -2*d + 1 = -2*h - 9, 2*d - h = 10. Suppose -8 = -d*j + 9*j. Let u(m) = m**2 + 2*m + 2. Determine u(j).
2
Let n(z) = -z**2 - 6*z - 7. Let q be n(-3). Let r(y) = -5*y**2 - 2*y. Let f(v) = 4*v**2 + 2*v. Let k(d) = 4*f(d) + 3*r(d). What is k(q)?
8
Let f be 7/1 + (-17 - -13). Let x(m) = 5*m**2 - 2. Give x(f).
43
Let d(i) = -i + 4. Let j be (-2)/(-4 - (-195)/50). Let q = j - 16. Let m be q/12 - 60/(-9). Calculate d(m).
-3
Let q be -2*((-12)/8 + 0). Let v(d) = -3*d - q - 5*d**2 - 8*d**2 + 2 + 14*d**2. Determine v(3).
-1
Let w(c) = -5*c**3 - c**2. Let q = 30 - 60. Let x = q + 31. Calculate w(x).
-6
Let r = 238 + -242. Let a(v) = -7*v + 1. Determine a(r).
29
Let i(w) = -2*w + 29. Let f(s) = -2*s + 4. Let h(l) = 7*f(l) - i(l). Determine h(1).
-13
Suppose -3*v = 5*o - v - 30, -14 = -o - 2*v. Suppose 9*t = 4*t - o*r + 38, 4*t = -3*r + 30. Let s(f) = 3 - 5 + 2*f - 3*f + 4. Calculate s(t).
-4
Suppose -3*j - v = v - 5, 0 = -j - 3*v - 3. Let g(s) be the second derivative of s**4/12 - 2*s**3/3 - s**2/2 - 5*s - 5. What is g(j)?
-4
Suppose 14*c + 312 = 16*c. Let d(g) = -5*g - g**2 + 155 + 0*g**2 - c. Suppose -y + 21 = -3*n, -y - 4 - 17 = 4*n. Calculate d(n).
-7
Let c(a) = -7*a**2 + a. Suppose -3*q - 6 = -21. Let d(j) = j**2 - 7*j + 11. Let o be d(q). Determine c(o).
-6
Let n(x) be the second derivat